. Is x a prime number?
False
Let k = 1 + 4. Let a be (-162)/72*4/(-3). Suppose -7 - a = -2*m, k*m = -2*l + 863. Is l a composite number?
False
Suppose 20*o - z = 16*o + 71810, 4*z = 8. Is o prime?
False
Suppose 12 = q + 8. Suppose 3*b - q - 5 = 0. Is ((-337)/b)/(6/(-18)) a prime number?
True
Let q = 43 + -38. Suppose q*j - 266 = 2159. Is j composite?
True
Suppose 129*w - 111*w = 46134. Is w a prime number?
False
Suppose 4*n = 4*z + 148, 0*z = 4*n + z - 143. Suppose n = 3*h + h. Suppose -1025 = -h*g + 4*g. Is g composite?
True
Suppose -16*k = -19*k + 9. Suppose c - 5*f = 213, f - 221 - 450 = -k*c. Is c composite?
False
Suppose -68*b + 1037736 = -991588. Is b composite?
True
Is (6/(-8)*-1)/((-2)/(-14408)) composite?
True
Let q = -5821 - -3260. Let z = q - -5268. Is z a prime number?
True
Suppose 5 = -f - 2*r + 3, 2*r + 2 = 0. Suppose -6*u + 7*u = 5*o - 5824, f = -4*u + 4. Is o a prime number?
False
Let j(t) = t + 6. Let l be -9*((-14)/(-3))/7. Let i be j(l). Suppose i*r - s = -4*r + 2128, 0 = -r - 2*s + 541. Is r a composite number?
True
Suppose -b + 7 = 5*z - 21, 2*z = -2*b + 16. Let s be z/30 + (-46)/(-12). Is s/(-16) + (-1269)/(-4) prime?
True
Suppose 2*d = -2*h + 40154, -d - 2*h + 3*h = -20077. Is d a composite number?
True
Let x = -18578 - -46255. Is x prime?
False
Let m = 309 - 582. Let d = -110 - m. Let x = -48 + d. Is x a prime number?
False
Suppose 0 + 12 = 3*y. Suppose 0 = 4*z + y*z - 12968. Is z composite?
False
Is 24225 + 5 + (-3 - -8 - 12) a prime number?
True
Let r = 126 + 60. Let c = r + 703. Is c a prime number?
False
Suppose 69*h - 78*h + 332523 = 0. Is h a composite number?
False
Let r = 28 - 43. Is (0 - 122)*r/6 composite?
True
Let i(g) = g**2 + 8*g + 18. Let h be i(-7). Let p(t) = t**3 - t - 9*t**2 - 4 + 11*t + t**2. Is p(h) prime?
False
Let o(x) = x + 1. Let f be o(-1). Let z(v) = v**3 + v**2 - 2*v + 503. Let l be z(f). Suppose -9 = 3*j, w - l = -0*w - 4*j. Is w prime?
False
Is -1 - 5 - -9 - -3943 prime?
False
Let n(r) be the second derivative of r**4 - r**3/2 + 8*r**2 - 10*r. Is n(-11) a composite number?
True
Suppose 35440 = 3*o + 7*o. Suppose 0 = i + 5*b - 892, -o = -5*i + i + 4*b. Is i a prime number?
True
Suppose -18*b + 20573 = -11*b. Is b a prime number?
True
Suppose 92*w - 10439 = 91*w - 3*s, s + 41704 = 4*w. Is w prime?
True
Suppose -t + 4*t = -5*y, -t + 5*y = 0. Suppose -5*o = -t*o - 5845. Is o a composite number?
True
Is (8 + 34/(-4))*-40910 a composite number?
True
Let s = 11138 - -41. Is s composite?
True
Suppose 3*b = 4*b. Suppose 3*h + 19 = 5*h - q, 4*h - 5*q - 41 = b. Is h/(-6)*(-382)/3 a prime number?
True
Suppose -3*h + 2*c = -40180, 7*h - 3*c - 66968 = 2*h. Suppose 4*z - 4*a = h, 3*z = z + a + 6702. Is z a composite number?
True
Let w = 106947 - 57332. Is w prime?
False
Suppose -7 - 11 = 3*n. Let v be (-3)/n + 46/4. Suppose -j + v = -41. Is j a composite number?
False
Let u(t) be the third derivative of t**5/2 + 3*t**4/8 + 8*t**3/3 + 28*t**2. Is u(-3) a composite number?
True
Suppose -18*w - 641730 = -1996824. Is w a prime number?
False
Suppose 1 = 3*f - 2. Let t = -264 + 246. Is 14 + f + (t - -22) prime?
True
Let g(r) = r**2 - 14*r - 2. Let q be g(14). Is -1 + 874 - (2 - (q + 2)) a composite number?
True
Let s be (-2 - -3)*-1*-40. Let u be (258/(-30) - 4)/((-1)/(-5)). Let q = s - u. Is q composite?
False
Suppose -3*i - 2*w + 28 = 0, -i + 5*w + 32 = -0*i. Suppose 3*d - 2*l - 3231 = 0, 0 = -0*l + 4*l - i. Is d prime?
False
Suppose -13*b = 72671 - 2068678. Is b a composite number?
True
Let j(w) = 595*w**2 + 5*w - 1. Is j(-2) composite?
True
Let d = -35384 - -63897. Is d a prime number?
True
Let p(z) = -125*z - 13. Is p(-6) prime?
False
Suppose 12*b - 304692 = -114888. Is b a composite number?
False
Let t(a) = -23*a**3 + a**2 - 2*a - 2. Let r be 1/(-3) + 25/(-15). Let l be t(r). Suppose k + l = 3*k. Is k composite?
True
Let d(b) = 230*b**2 + 15*b - 46. Is d(7) a composite number?
False
Let a(t) = -20*t + 477. Is a(7) composite?
False
Let n be -3 - (-2 + 2) - -133. Let w = n + 627. Suppose -4*o + w = -87. Is o a prime number?
True
Let x(h) = -h**3 + 11*h**2 - 68*h + 6. Is x(-20) composite?
True
Let l(h) = 3*h**3 + 2*h**2 - 5*h + 1. Let z be l(2). Suppose z*q - 24*q + 667 = 0. Is q prime?
False
Let i be ((-2)/(-4) - 0)*2. Suppose -4*p = -3*p + 2*m + 1113, p + 5*m = -1104. Is (-2)/(i - (-1125)/p) prime?
True
Is (-16 + 5)*(-2 - (-45)/(-3)) a prime number?
False
Suppose 5*z - 6 - 4 = 0. Suppose -4*k + 4967 = 5*g - 5*k, -2*g + 1982 = z*k. Is g prime?
False
Let o be 498/10 - (-2)/10. Let b be (45/(-60))/((-1)/12 + 0). Is o + -3*3/b composite?
True
Let s(t) be the first derivative of 8*t**2 + 3*t - 2. Let n be (-4)/2*4/(-2). Is s(n) prime?
True
Let g(h) = -3*h**3 - 5*h**2 + 7*h + 7. Let k(i) = 6*i**3 + 9*i**2 - 13*i - 14. Let n(a) = -11*g(a) - 6*k(a). Is n(-4) prime?
True
Suppose -66 + 21 = 5*p. Let l(y) = -22 - 18*y - 15*y + 6*y**2 + 44*y. Is l(p) prime?
False
Suppose 3*l = -12, -36*x + 5*l = -31*x - 81135. Is x composite?
False
Let g(y) = -2*y + 14. Let x be ((-8)/6)/(6/(-45)). Let f be g(x). Is f/(-3) - (-220 + -1) a composite number?
False
Let l(g) = 2*g**2. Let n be l(-1). Suppose 0 = 2*h - 4*z - 342, -n*h - z + 228 = -94. Is h a composite number?
False
Let p = -6026 - -9050. Suppose -4*i - 2*f + 1485 = -4555, 2*i = f + p. Is i prime?
True
Suppose -d + 12*d - 157223 = 0. Is d composite?
False
Let x = -2479 - -3866. Is x composite?
True
Suppose 2*m - 13 = -3*x, -x - 3*m + 21 = 4*x. Suppose x*i - 1988 - 392 = -f, -5*f = 3*i - 2372. Is i prime?
False
Suppose 4776 = 2*v + 1310. Is v prime?
True
Let c = -556 - -1337. Suppose 0 = -2*p + 3*p - c. Is p a prime number?
False
Suppose 8*w + k = 13*w - 212450, 169984 = 4*w + 4*k. Is w a composite number?
False
Let z = -1 - 1. Let q be (188/3)/(z/(-6)). Suppose b = 5*w + 200, 0*b - w - q = -b. Is b a composite number?
True
Suppose -f = -204 - 14. Let s be (-3)/(-2)*f/(-1). Is 1*s/(-6)*2 composite?
False
Let z(q) = 120*q + 127. Is z(8) a composite number?
False
Let r(c) = -c**3 + 11*c**2 - 26*c - 2. Let i be r(8). Let a(f) = -f**2 - 4*f. Let h be a(4). Let k = i - h. Is k a prime number?
False
Let a(s) = -2*s**3 - 3*s**2 + 4*s - 1. Let k be a(-3). Let i = 7 - k. Is 2/i - (-102)/14 prime?
True
Suppose 0*l - 2*l + 24 = 0. Is (-6)/l + (-3230)/(-4) a composite number?
True
Suppose 17 - 3 = 7*j. Suppose -j*z + 2915 = 3*z. Is z a composite number?
True
Let v(p) = p**2 + p + 15. Let w be -4*6/(-8) + -3. Let u be v(w). Suppose u = 3*a - 1482. Is a composite?
False
Let p = 15060 - 9809. Is p composite?
True
Let c(j) = 106*j - 8. Let o be c(6). Suppose 0 = -0*i + 2*i - 6. Suppose i*q - o = -q. Is q composite?
False
Let h = 13 + -8. Suppose -h*n + 5*f = 8 + 7, -55 = 5*n + 5*f. Is (37/(-3))/(n/21) a composite number?
False
Let r = 58 + -1501. Let c = r + 906. Let x = 1240 + c. Is x a composite number?
True
Let o = -24 - -29. Suppose -o*q + 2208 = 2*w, -3*q + 1476 = -4*w + 172. Suppose -y = -3, -2*v = 2*y - 0*y - q. Is v a prime number?
False
Suppose 4044 = p - l, 85*p - 81*p - 16206 = -2*l. Is p a composite number?
False
Let d(g) = 211*g + 92. Is d(5) composite?
True
Suppose 8*m + 20 = 12*m. Suppose m = -k, 2*p + 2*k = -0*k + 924. Is p a prime number?
True
Let t = -26337 + 38350. Is t a composite number?
True
Let d = 1866 - -2317. Is d prime?
False
Let q = -24 + 24. Let f(h) = -4*h + 55. Is f(q) a prime number?
False
Let q be (1 - -1) + (4 - (-29 + 4)). Suppose m - q = 126. Is m a composite number?
False
Suppose -5*i - 36 = h - 5*h, 24 = 5*h - i. Let m = -1 + 1. Suppose m = -y - 2*g + 89, y = -0*y - h*g + 93. Is y composite?
True
Suppose -3*n + 307749 = 3*a, 5*a - 588686 + 75735 = 4*n. Is a a composite number?
False
Suppose -5*u = 11 - 41. Let g(f) = 2*f**3 + 10*f**2 + 8*f - 5. Is g(u) composite?
True
Suppose 3*g = 41*q - 37*q - 653749, 5*q + g = 817172. Is q a composite number?
True
Suppose -10*p + 44360 - 3190 = 0. Is p a prime number?
False
Let k be 27/(-18) - 314/4. Let m = k + 145. Is m composite?
True
Suppose -3*h = 0, 29 + 175 = -2*u + 3*h. Let a = 25 - u. Is a prime?
True
Let x = 9265 + -4487. Is x composite?
True
Let m(j) = 4*j**3 - 2*j**2 + 6*j + 5. Is m(4) a composite number?
True
Let f(u) = 3883*u**2 - 4*u + 4. Is f(1) composite?
True
Let g(j) = 408*j**2 + 31*j + 162. Is